{"id":15517,"date":"2025-03-20T11:53:32","date_gmt":"2025-03-20T10:53:32","guid":{"rendered":"https:\/\/srv83660.seohost.com.pl\/?page_id=15517"},"modified":"2025-03-24T07:45:36","modified_gmt":"2025-03-24T06:45:36","slug":"spichlerz-2","status":"publish","type":"page","link":"https:\/\/www.brodnica.pl\/muzeumwbrodnicy\/spichlerz-2\/","title":{"rendered":"Spichlerz"},"content":{"rendered":"\t\t<div data-elementor-type=\"wp-page\" data-elementor-id=\"15517\" class=\"elementor elementor-15517\" data-elementor-post-type=\"page\">\n\t\t\t\t<div class=\"elementor-element elementor-element-8c46bbe e-flex e-con-boxed e-con e-parent\" data-id=\"8c46bbe\" data-element_type=\"container\" data-e-type=\"container\">\n\t\t\t\t\t<div class=\"e-con-inner\">\n\t\t<div class=\"elementor-element elementor-element-f4c824a e-con-full e-flex e-con e-child\" data-id=\"f4c824a\" data-element_type=\"container\" data-e-type=\"container\" data-settings=\"{&quot;background_background&quot;:&quot;classic&quot;}\">\n\t\t\t\t<\/div>\n\t\t<div class=\"elementor-element elementor-element-11111cd e-con-full e-flex e-con e-child\" data-id=\"11111cd\" data-element_type=\"container\" data-e-type=\"container\">\n\t\t\t\t<div class=\"elementor-element elementor-element-81c41ec elementor-widget elementor-widget-text-editor\" data-id=\"81c41ec\" data-element_type=\"widget\" data-e-type=\"widget\" data-widget_type=\"text-editor.default\">\n\t\t\t\t\t\t\t\t\tSpichlerz \u2013 renesansowy z oko\u0142o 1604 r., przebudowany na prze\u0142omie XIX i XX w. Pierwotnie dwu, obecnie czterokondygnacyjny, ze zrekonstruowanym wsp\u00f3\u0142cze\u015bnie szczytem renesansowym. W \u015bcianie szczytowej portal zamkni\u0119ty tr\u00f3jk\u0105tnym \u0142ukiem odcinkowym. Wewn\u0105trz oryginalne belkowania drewniane. W spichlerzu mieszcz\u0105 si\u0119 biura administracji i dyrekcji muzeum, wystawa sta\u0142a \u201e\u017bycie codzienne mezolitycznych my\u015bliwych z Mszana sprzed 10000 lat\u201d, a tak\u017ce Centrum Edukacji Ekologicznej.\t\t\t\t\t\t\t\t<\/div>\n\t\t\t\t<\/div>\n\t\t\t\t\t<\/div>\n\t\t\t\t<\/div>\n\t\t<section class=\"elementor-element elementor-element-2b438c3 e-con-full e-flex e-con e-parent\" data-id=\"2b438c3\" data-element_type=\"container\" data-e-type=\"container\">\n\t\t\t\t<div class=\"elementor-element elementor-element-c341dab elementor-grid-3 elementor-grid-tablet-2 elementor-grid-mobile-1 elementor-posts--thumbnail-top elementor-card-shadow-yes elementor-posts__hover-gradient elementor-widget elementor-widget-posts\" data-id=\"c341dab\" data-element_type=\"widget\" data-e-type=\"widget\" data-settings=\"{&quot;cards_row_gap&quot;:{&quot;unit&quot;:&quot;px&quot;,&quot;size&quot;:20,&quot;sizes&quot;:[]},&quot;pagination_type&quot;:&quot;numbers_and_prev_next&quot;,&quot;cards_columns&quot;:&quot;3&quot;,&quot;cards_columns_tablet&quot;:&quot;2&quot;,&quot;cards_columns_mobile&quot;:&quot;1&quot;,&quot;cards_row_gap_tablet&quot;:{&quot;unit&quot;:&quot;px&quot;,&quot;size&quot;:&quot;&quot;,&quot;sizes&quot;:[]},&quot;cards_row_gap_mobile&quot;:{&quot;unit&quot;:&quot;px&quot;,&quot;size&quot;:&quot;&quot;,&quot;sizes&quot;:[]}}\" data-widget_type=\"posts.cards\">\n\t\t\t\t<div class=\"elementor-widget-container\">\n\t\t\t\t\t\t\t<div class=\"elementor-posts-container elementor-posts elementor-posts--skin-cards elementor-grid\" role=\"list\">\n\t\t\t\t<article class=\"elementor-post elementor-grid-item post-16518 post type-post status-publish format-standard has-post-thumbnail hentry category-aktualnosci category-arch category-spichlerz\" role=\"listitem\">\n\t\t\t<div class=\"elementor-post__card\">\n\t\t\t\t<a class=\"elementor-post__thumbnail__link\" href=\"https:\/\/www.brodnica.pl\/muzeumwbrodnicy\/2026\/01\/wystawa-pajakow-w-cee\/\" tabindex=\"-1\" ><div class=\"elementor-post__thumbnail\"><img fetchpriority=\"high\" decoding=\"async\" width=\"640\" height=\"335\" src=\"https:\/\/www.brodnica.pl\/muzeumwbrodnicy\/wp-content\/uploads\/2026\/01\/WYSTAWA-PAJAKOW-640x335.jpg\" class=\"attachment-medium size-medium wp-image-16521\" alt=\"\" srcset=\"https:\/\/www.brodnica.pl\/muzeumwbrodnicy\/wp-content\/uploads\/2026\/01\/WYSTAWA-PAJAKOW-640x335.jpg 640w, https:\/\/www.brodnica.pl\/muzeumwbrodnicy\/wp-content\/uploads\/2026\/01\/WYSTAWA-PAJAKOW-1600x838.jpg 1600w, https:\/\/www.brodnica.pl\/muzeumwbrodnicy\/wp-content\/uploads\/2026\/01\/WYSTAWA-PAJAKOW-190x99.jpg 190w, https:\/\/www.brodnica.pl\/muzeumwbrodnicy\/wp-content\/uploads\/2026\/01\/WYSTAWA-PAJAKOW-768x402.jpg 768w, https:\/\/www.brodnica.pl\/muzeumwbrodnicy\/wp-content\/uploads\/2026\/01\/WYSTAWA-PAJAKOW-1536x804.jpg 1536w, https:\/\/www.brodnica.pl\/muzeumwbrodnicy\/wp-content\/uploads\/2026\/01\/WYSTAWA-PAJAKOW.jpg 1920w\" sizes=\"(max-width: 640px) 100vw, 640px\" \/><\/div><\/a>\n\t\t\t\t<div class=\"elementor-post__text\">\n\t\t\t\t<h2 class=\"elementor-post__title\">\n\t\t\t<a href=\"https:\/\/www.brodnica.pl\/muzeumwbrodnicy\/2026\/01\/wystawa-pajakow-w-cee\/\" >\n\t\t\t\tWYSTAWA PAJ\u0104K\u00d3W W CENTRUM EDUKACJI EKOLOGICZNEJ\t\t\t<\/a>\n\t\t<\/h2>\n\t\t\t\t<div class=\"elementor-post__excerpt\">\n\t\t\t<p>W lutym zapraszamy na niezwyk\u0142e spotkanie z egzotycznymi paj\u0119czakami.<\/p>\n\t\t<\/div>\n\t\t\t\t\t<div class=\"elementor-post__read-more-wrapper\">\n\t\t\n\t\t<a class=\"elementor-post__read-more\" href=\"https:\/\/www.brodnica.pl\/muzeumwbrodnicy\/2026\/01\/wystawa-pajakow-w-cee\/\" aria-label=\"Read more about WYSTAWA PAJ\u0104K\u00d3W W CENTRUM EDUKACJI EKOLOGICZNEJ\" tabindex=\"-1\" >\n\t\t\tCzytaj wi\u0119cej \u00bb\t\t<\/a>\n\n\t\t\t\t\t<\/div>\n\t\t\t\t<\/div>\n\t\t\t\t<div class=\"elementor-post__meta-data\">\n\t\t\t\t\t<span class=\"elementor-post-author\">\n\t\t\tAdmin\t\t<\/span>\n\t\t\t\t<span class=\"elementor-post-date\">\n\t\t\t19-01-2026\t\t<\/span>\n\t\t\t\t<\/div>\n\t\t\t\t\t<\/div>\n\t\t<\/article>\n\t\t\t\t<article class=\"elementor-post elementor-grid-item post-16502 post type-post status-publish format-standard has-post-thumbnail hentry category-aktualnosci category-plany-i-projekty-dzialan category-spichlerz category-zamek\" role=\"listitem\">\n\t\t\t<div class=\"elementor-post__card\">\n\t\t\t\t<a class=\"elementor-post__thumbnail__link\" href=\"https:\/\/www.brodnica.pl\/muzeumwbrodnicy\/2026\/01\/16502\/\" tabindex=\"-1\" ><div class=\"elementor-post__thumbnail\"><img decoding=\"async\" width=\"427\" height=\"640\" src=\"https:\/\/www.brodnica.pl\/muzeumwbrodnicy\/wp-content\/uploads\/2026\/01\/FERIE-2026-Z-MUZEUM-427x640.jpg\" class=\"attachment-medium size-medium wp-image-16506\" alt=\"\" srcset=\"https:\/\/www.brodnica.pl\/muzeumwbrodnicy\/wp-content\/uploads\/2026\/01\/FERIE-2026-Z-MUZEUM-427x640.jpg 427w, https:\/\/www.brodnica.pl\/muzeumwbrodnicy\/wp-content\/uploads\/2026\/01\/FERIE-2026-Z-MUZEUM-127x190.jpg 127w, https:\/\/www.brodnica.pl\/muzeumwbrodnicy\/wp-content\/uploads\/2026\/01\/FERIE-2026-Z-MUZEUM-768x1152.jpg 768w, https:\/\/www.brodnica.pl\/muzeumwbrodnicy\/wp-content\/uploads\/2026\/01\/FERIE-2026-Z-MUZEUM.jpg 1024w\" sizes=\"(max-width: 427px) 100vw, 427px\" \/><\/div><\/a>\n\t\t\t\t<div class=\"elementor-post__text\">\n\t\t\t\t<h2 class=\"elementor-post__title\">\n\t\t\t<a href=\"https:\/\/www.brodnica.pl\/muzeumwbrodnicy\/2026\/01\/16502\/\" >\n\t\t\t\tFERIE 2026 Z MUZEUM\t\t\t<\/a>\n\t\t<\/h2>\n\t\t\t\t<div class=\"elementor-post__excerpt\">\n\t\t\t<p>W lutym zapraszamy do Muzeum w Brodnicy na ferie pe\u0142ne przyg\u00f3d, zabawy i odkrywania tajemnic przesz\u0142o\u015bci!<\/p>\n\t\t<\/div>\n\t\t\t\t\t<div class=\"elementor-post__read-more-wrapper\">\n\t\t\n\t\t<a class=\"elementor-post__read-more\" href=\"https:\/\/www.brodnica.pl\/muzeumwbrodnicy\/2026\/01\/16502\/\" aria-label=\"Read more about FERIE 2026 Z MUZEUM\" tabindex=\"-1\" >\n\t\t\tCzytaj wi\u0119cej \u00bb\t\t<\/a>\n\n\t\t\t\t\t<\/div>\n\t\t\t\t<\/div>\n\t\t\t\t<div class=\"elementor-post__meta-data\">\n\t\t\t\t\t<span class=\"elementor-post-author\">\n\t\t\tAdmin\t\t<\/span>\n\t\t\t\t<span class=\"elementor-post-date\">\n\t\t\t11-01-2026\t\t<\/span>\n\t\t\t\t<\/div>\n\t\t\t\t\t<\/div>\n\t\t<\/article>\n\t\t\t\t<\/div>\n\t\t\n\t\t\t\t\t\t<\/div>\n\t\t\t\t<\/div>\n\t\t\t\t<\/section>\n\t\t\t\t<\/div>\n\t\t","protected":false},"excerpt":{"rendered":"<p>Spichlerz \u2013 renesansowy z oko\u0142o 1604 r., przebudowany na prze\u0142omie XIX i XX w. Pierwotnie dwu, obecnie czterokondygnacyjny, ze zrekonstruowanym wsp\u00f3\u0142cze\u015bnie szczytem renesansowym. W \u015bcianie szczytowej portal zamkni\u0119ty tr\u00f3jk\u0105tnym \u0142ukiem odcinkowym. Wewn\u0105trz oryginalne belkowania drewniane. W spichlerzu mieszcz\u0105 si\u0119 biura administracji i dyrekcji muzeum, wystawa sta\u0142a \u201e\u017bycie codzienne mezolitycznych my\u015bliwych z Mszana sprzed 10000 lat\u201d, [&hellip;]<\/p>\n","protected":false},"author":1,"featured_media":0,"parent":0,"menu_order":0,"comment_status":"closed","ping_status":"closed","template":"","meta":{"footnotes":""},"class_list":["post-15517","page","type-page","status-publish","hentry"],"jetpack_sharing_enabled":true,"_links":{"self":[{"href":"https:\/\/www.brodnica.pl\/muzeumwbrodnicy\/wp-json\/wp\/v2\/pages\/15517","targetHints":{"allow":["GET"]}}],"collection":[{"href":"https:\/\/www.brodnica.pl\/muzeumwbrodnicy\/wp-json\/wp\/v2\/pages"}],"about":[{"href":"https:\/\/www.brodnica.pl\/muzeumwbrodnicy\/wp-json\/wp\/v2\/types\/page"}],"author":[{"embeddable":true,"href":"https:\/\/www.brodnica.pl\/muzeumwbrodnicy\/wp-json\/wp\/v2\/users\/1"}],"replies":[{"embeddable":true,"href":"https:\/\/www.brodnica.pl\/muzeumwbrodnicy\/wp-json\/wp\/v2\/comments?post=15517"}],"version-history":[{"count":6,"href":"https:\/\/www.brodnica.pl\/muzeumwbrodnicy\/wp-json\/wp\/v2\/pages\/15517\/revisions"}],"predecessor-version":[{"id":16204,"href":"https:\/\/www.brodnica.pl\/muzeumwbrodnicy\/wp-json\/wp\/v2\/pages\/15517\/revisions\/16204"}],"wp:attachment":[{"href":"https:\/\/www.brodnica.pl\/muzeumwbrodnicy\/wp-json\/wp\/v2\/media?parent=15517"}],"curies":[{"name":"wp","href":"https:\/\/api.w.org\/{rel}","templated":true}]}}