{"id":3706,"date":"2021-08-10T17:33:28","date_gmt":"2021-08-10T15:33:28","guid":{"rendered":"http:\/\/portal.muzeum.brodnica.pl\/?page_id=3706"},"modified":"2025-03-25T09:35:11","modified_gmt":"2025-03-25T08:35:11","slug":"kontakt","status":"publish","type":"page","link":"https:\/\/www.brodnica.pl\/muzeumwbrodnicy\/kontakt\/","title":{"rendered":"Kontakt"},"content":{"rendered":"\t\t<div data-elementor-type=\"wp-page\" data-elementor-id=\"3706\" class=\"elementor elementor-3706\" data-elementor-post-type=\"page\">\n\t\t\t\t<div class=\"elementor-element elementor-element-82af2fb e-flex e-con-boxed e-con e-parent\" data-id=\"82af2fb\" data-element_type=\"container\" data-e-type=\"container\" data-settings=\"{&quot;background_background&quot;:&quot;classic&quot;}\">\n\t\t\t\t\t<div class=\"e-con-inner\">\n\t\t<div class=\"elementor-element elementor-element-cdf6b8b e-con-full e-flex e-con e-child\" data-id=\"cdf6b8b\" data-element_type=\"container\" data-e-type=\"container\">\n\t\t\t\t<div class=\"elementor-element elementor-element-928d2bb elementor-widget elementor-widget-heading\" data-id=\"928d2bb\" data-element_type=\"widget\" data-e-type=\"widget\" data-widget_type=\"heading.default\">\n\t\t\t\t\t<h1 class=\"elementor-heading-title elementor-size-default\">Kontakt<\/h1>\t\t\t\t<\/div>\n\t\t\t\t<\/div>\n\t\t\t\t\t<\/div>\n\t\t\t\t<\/div>\n\t\t<section class=\"elementor-element elementor-element-1ad270d e-con-full e-flex e-con e-parent\" data-id=\"1ad270d\" data-element_type=\"container\" data-e-type=\"container\" id=\"content\">\n\t\t<div class=\"elementor-element elementor-element-c595ea6 e-con-full e-flex e-con e-child\" data-id=\"c595ea6\" data-element_type=\"container\" data-e-type=\"container\" data-settings=\"{&quot;background_background&quot;:&quot;slideshow&quot;,&quot;background_slideshow_gallery&quot;:[{&quot;id&quot;:270,&quot;url&quot;:&quot;https:\\\/\\\/muzeum.brodnica.pl\\\/wp-content\\\/uploads\\\/2019\\\/02\\\/P1040695.jpg&quot;},{&quot;id&quot;:28,&quot;url&quot;:&quot;https:\\\/\\\/muzeum.brodnica.pl\\\/wp-content\\\/uploads\\\/2019\\\/01\\\/20180924_174158_HDR.jpg&quot;}],&quot;background_slideshow_ken_burns&quot;:&quot;yes&quot;,&quot;background_slideshow_loop&quot;:&quot;yes&quot;,&quot;background_slideshow_slide_duration&quot;:5000,&quot;background_slideshow_slide_transition&quot;:&quot;fade&quot;,&quot;background_slideshow_transition_duration&quot;:500,&quot;background_slideshow_ken_burns_zoom_direction&quot;:&quot;in&quot;}\">\n\t\t<div class=\"elementor-element elementor-element-bb46b8c e-con-full e-flex e-con e-child\" data-id=\"bb46b8c\" data-element_type=\"container\" data-e-type=\"container\" data-settings=\"{&quot;background_background&quot;:&quot;classic&quot;}\">\n\t\t\t\t<div class=\"elementor-element elementor-element-9a27d1f elementor-widget elementor-widget-heading\" data-id=\"9a27d1f\" data-element_type=\"widget\" data-e-type=\"widget\" data-widget_type=\"heading.default\">\n\t\t\t\t\t<h2 class=\"elementor-heading-title elementor-size-default\">Formularz kontaktowy<\/h2>\t\t\t\t<\/div>\n\t\t\t\t<div class=\"elementor-element elementor-element-ebcfcec elementor-widget elementor-widget-text-editor\" data-id=\"ebcfcec\" data-element_type=\"widget\" data-e-type=\"widget\" data-widget_type=\"text-editor.default\">\n\t\t\t\t\t\t\t\t\t<p>Mog\u0105 Pa\u0144stwo wype\u0142ni\u0107 formularz lub<br \/>skorzysta\u0107 z danych wyszczeg\u00f3lnionych poni\u017cej.<\/p>\t\t\t\t\t\t\t\t<\/div>\n\t\t\t\t<\/div>\n\t\t\t\t<\/div>\n\t\t<div class=\"elementor-element elementor-element-456f627 e-con-full e-flex e-con e-child\" data-id=\"456f627\" data-element_type=\"container\" data-e-type=\"container\">\n\t\t\t\t<div class=\"elementor-element elementor-element-602de53 elementor-button-align-end elementor-widget elementor-widget-form\" data-id=\"602de53\" data-element_type=\"widget\" data-e-type=\"widget\" data-settings=\"{&quot;step_next_label&quot;:&quot;Nast\\u0119pny&quot;,&quot;step_previous_label&quot;:&quot;Poprzedni&quot;,&quot;button_width&quot;:&quot;100&quot;,&quot;step_type&quot;:&quot;number_text&quot;,&quot;step_icon_shape&quot;:&quot;circle&quot;}\" data-widget_type=\"form.default\">\n\t\t\t\t\t\t\t<form class=\"elementor-form\" method=\"post\" name=\"Nowy formularz\" aria-label=\"Nowy formularz\">\n\t\t\t<input type=\"hidden\" name=\"post_id\" value=\"3706\"\/>\n\t\t\t<input type=\"hidden\" name=\"form_id\" value=\"602de53\"\/>\n\t\t\t<input type=\"hidden\" name=\"referer_title\" value=\"Kontakt - Muzeum w Brodnicy\" \/>\n\n\t\t\t\t\t\t\t<input type=\"hidden\" name=\"queried_id\" value=\"3706\"\/>\n\t\t\t\n\t\t\t<div class=\"elementor-form-fields-wrapper elementor-labels-above\">\n\t\t\t\t\t\t\t\t<div class=\"elementor-field-type-text elementor-field-group elementor-column elementor-field-group-name elementor-col-100 elementor-field-required elementor-mark-required\">\n\t\t\t\t\t\t\t\t\t\t\t\t<label for=\"form-field-name\" class=\"elementor-field-label\">\n\t\t\t\t\t\t\t\tNazwa\t\t\t\t\t\t\t<\/label>\n\t\t\t\t\t\t\t\t\t\t\t\t\t\t<input size=\"1\" type=\"text\" name=\"form_fields[name]\" id=\"form-field-name\" class=\"elementor-field elementor-size-md  elementor-field-textual\" placeholder=\"Nazwa\" required=\"required\">\n\t\t\t\t\t\t\t\t\t\t\t<\/div>\n\t\t\t\t\t\t\t\t<div class=\"elementor-field-type-email elementor-field-group elementor-column elementor-field-group-email elementor-col-100 elementor-field-required elementor-mark-required\">\n\t\t\t\t\t\t\t\t\t\t\t\t<label for=\"form-field-email\" class=\"elementor-field-label\">\n\t\t\t\t\t\t\t\tE-mail\t\t\t\t\t\t\t<\/label>\n\t\t\t\t\t\t\t\t\t\t\t\t\t\t<input size=\"1\" type=\"email\" name=\"form_fields[email]\" id=\"form-field-email\" class=\"elementor-field elementor-size-md  elementor-field-textual\" placeholder=\"E-mail\" required=\"required\">\n\t\t\t\t\t\t\t\t\t\t\t<\/div>\n\t\t\t\t\t\t\t\t<div class=\"elementor-field-type-tel elementor-field-group elementor-column elementor-field-group-field_6b8dabe elementor-col-100\">\n\t\t\t\t\t\t\t\t\t\t\t\t<label for=\"form-field-field_6b8dabe\" class=\"elementor-field-label\">\n\t\t\t\t\t\t\t\tNumer telefonu\t\t\t\t\t\t\t<\/label>\n\t\t\t\t\t\t\t\t<input size=\"1\" type=\"tel\" name=\"form_fields[field_6b8dabe]\" id=\"form-field-field_6b8dabe\" class=\"elementor-field elementor-size-md  elementor-field-textual\" placeholder=\"Numer telefonu\" pattern=\"[0-9()#&amp;+*-=.]+\" title=\"Only numbers and phone characters (#, -, *, etc) are accepted.\">\n\n\t\t\t\t\t\t<\/div>\n\t\t\t\t\t\t\t\t<div class=\"elementor-field-type-textarea elementor-field-group elementor-column elementor-field-group-message elementor-col-100 elementor-field-required elementor-mark-required\">\n\t\t\t\t\t\t\t\t\t\t\t\t<label for=\"form-field-message\" class=\"elementor-field-label\">\n\t\t\t\t\t\t\t\tWiadomo\u015b\u0107\t\t\t\t\t\t\t<\/label>\n\t\t\t\t\t\t<textarea class=\"elementor-field-textual elementor-field  elementor-size-md\" name=\"form_fields[message]\" id=\"form-field-message\" rows=\"4\" placeholder=\"Wiadomo\u015b\u0107\" required=\"required\"><\/textarea>\t\t\t\t<\/div>\n\t\t\t\t\t\t\t\t<div class=\"elementor-field-type-acceptance elementor-field-group elementor-column elementor-field-group-Zgoda_RODO elementor-col-100 elementor-field-required elementor-mark-required\">\n\t\t\t\t\t\t\t\t\t\t\t\t<label for=\"form-field-Zgoda_RODO\" class=\"elementor-field-label\">\n\t\t\t\t\t\t\t\tPrzetwarzanie danych osobowych\t\t\t\t\t\t\t<\/label>\n\t\t\t\t\t\t\t\t<div class=\"elementor-field-subgroup\">\n\t\t\t<span class=\"elementor-field-option\">\n\t\t\t\t<input type=\"checkbox\" name=\"form_fields[Zgoda_RODO]\" id=\"form-field-Zgoda_RODO\" class=\"elementor-field elementor-size-md  elementor-acceptance-field\" required=\"required\">\n\t\t\t\t<label for=\"form-field-Zgoda_RODO\">Akceptuj\u0119 polityk\u0119 przetwarzania danych osobowych<\/label>\t\t\t<\/span>\n\t\t<\/div>\n\t\t\t\t\t\t<\/div>\n\t\t\t\t\t\t\t\t<div class=\"elementor-field-type-recaptcha_v3 elementor-field-group elementor-column elementor-field-group-field_9311b5b elementor-col-100 recaptcha_v3-bottomright\">\n\t\t\t\t\t<div class=\"elementor-field\" id=\"form-field-field_9311b5b\"><div class=\"elementor-g-recaptcha\" data-sitekey=\"6Lc8NfcqAAAAAKmBgQeYb2Vm7Q9CjL0iqzBVZr2Q\" data-type=\"v3\" data-action=\"Form\" data-badge=\"bottomright\" data-size=\"invisible\"><\/div><\/div>\t\t\t\t<\/div>\n\t\t\t\t\t\t\t\t<div class=\"elementor-field-group elementor-column elementor-field-type-submit elementor-col-100 e-form__buttons\">\n\t\t\t\t\t<button class=\"elementor-button elementor-size-sm\" type=\"submit\">\n\t\t\t\t\t\t<span class=\"elementor-button-content-wrapper\">\n\t\t\t\t\t\t\t\t\t\t\t\t\t\t\t\t\t\t\t\t\t\t<span class=\"elementor-button-text\">Wy\u015blij<\/span>\n\t\t\t\t\t\t\t\t\t\t\t\t\t<\/span>\n\t\t\t\t\t<\/button>\n\t\t\t\t<\/div>\n\t\t\t<\/div>\n\t\t<\/form>\n\t\t\t\t\t\t<\/div>\n\t\t\t\t<\/div>\n\t\t\t\t<\/section>\n\t\t<div class=\"elementor-element elementor-element-a254fff e-con-full e-flex e-con e-parent\" data-id=\"a254fff\" data-element_type=\"container\" data-e-type=\"container\" data-settings=\"{&quot;background_background&quot;:&quot;classic&quot;}\">\n\t\t<div class=\"elementor-element elementor-element-5ac6804 e-con-full e-flex e-con e-child\" data-id=\"5ac6804\" data-element_type=\"container\" data-e-type=\"container\">\n\t\t\t\t<div class=\"elementor-element elementor-element-ceb6de6 elementor-widget elementor-widget-heading\" data-id=\"ceb6de6\" data-element_type=\"widget\" data-e-type=\"widget\" data-widget_type=\"heading.default\">\n\t\t\t\t\t<h2 class=\"elementor-heading-title elementor-size-default\">Muzeum <br>Spichlerz<\/h2>\t\t\t\t<\/div>\n\t\t\t\t<div class=\"elementor-element elementor-element-22cf0f6 elementor-widget elementor-widget-text-editor\" data-id=\"22cf0f6\" data-element_type=\"widget\" data-e-type=\"widget\" data-widget_type=\"text-editor.default\">\n\t\t\t\t\t\t\t\t\t<p><strong>Muzeum<\/strong><br \/>ul. \u015aw. Jakuba 1<br \/>87-300 Brodnica<\/p><p>Tel. \/Fax: 56 495 05 70<br \/>e-mail: sekretariat@muzeum.brodnica.pl<br \/>Adres skrytki ePUAP: \/MuzeumBrodnica\/SkrytkaESP<br \/>NIP: 874-130-57-31<br \/>REGON: 001028667<\/p><p><strong>Centrum Edukacji Ekologicznej<\/strong><br \/>ul. \u015aw. Jakuba 1<br \/>Tel. 56 495 05 70<\/p>\t\t\t\t\t\t\t\t<\/div>\n\t\t\t\t<\/div>\n\t\t<div class=\"elementor-element elementor-element-4cb6cd4 e-con-full e-flex e-con e-child\" data-id=\"4cb6cd4\" data-element_type=\"container\" data-e-type=\"container\">\n\t\t\t\t<div class=\"elementor-element elementor-element-c0719d5 elementor-widget elementor-widget-google_maps\" data-id=\"c0719d5\" data-element_type=\"widget\" data-e-type=\"widget\" title=\"Lokalizacja obiektu Spichlerz\" data-widget_type=\"google_maps.default\">\n\t\t\t\t\t\t\t<div class=\"elementor-custom-embed\">\n\t\t\t<iframe loading=\"lazy\"\n\t\t\t\t\tsrc=\"https:\/\/maps.google.com\/maps?q=Muzeum%20w%20Brodnicy%2C%20%C5%9Aw.%20Jakuba%201%2C%20Brodnica&#038;t=m&#038;z=17&#038;output=embed&#038;iwloc=near\"\n\t\t\t\t\ttitle=\"Muzeum w Brodnicy, \u015aw. Jakuba 1, Brodnica\"\n\t\t\t\t\taria-label=\"Muzeum w Brodnicy, \u015aw. Jakuba 1, Brodnica\"\n\t\t\t><\/iframe>\n\t\t<\/div>\n\t\t\t\t\t\t<\/div>\n\t\t\t\t<\/div>\n\t\t\t\t<\/div>\n\t\t<div class=\"elementor-element elementor-element-a8d5344 e-con-full e-flex e-con e-parent\" data-id=\"a8d5344\" data-element_type=\"container\" data-e-type=\"container\" data-settings=\"{&quot;background_background&quot;:&quot;classic&quot;}\">\n\t\t<div class=\"elementor-element elementor-element-3f61aaa e-con-full e-flex e-con e-child\" data-id=\"3f61aaa\" data-element_type=\"container\" data-e-type=\"container\">\n\t\t\t\t<div class=\"elementor-element elementor-element-0525392 elementor-widget elementor-widget-google_maps\" data-id=\"0525392\" data-element_type=\"widget\" data-e-type=\"widget\" title=\"Lokalizacja obiektu Brama Che\u0142mi\u0144ska\" data-widget_type=\"google_maps.default\">\n\t\t\t\t\t\t\t<div class=\"elementor-custom-embed\">\n\t\t\t<iframe loading=\"lazy\"\n\t\t\t\t\tsrc=\"https:\/\/maps.google.com\/maps?q=brama%20che%C5%82mi%C5%84ska%20w%20Brodnicy%2C%20ul.%20Ma%C5%82y%20rynek%204%2C%20Brodnica&#038;t=m&#038;z=17&#038;output=embed&#038;iwloc=near\"\n\t\t\t\t\ttitle=\"brama che\u0142mi\u0144ska w Brodnicy, ul. Ma\u0142y rynek 4, Brodnica\"\n\t\t\t\t\taria-label=\"brama che\u0142mi\u0144ska w Brodnicy, ul. Ma\u0142y rynek 4, Brodnica\"\n\t\t\t><\/iframe>\n\t\t<\/div>\n\t\t\t\t\t\t<\/div>\n\t\t\t\t<\/div>\n\t\t<div class=\"elementor-element elementor-element-224dd83 e-con-full e-flex e-con e-child\" data-id=\"224dd83\" data-element_type=\"container\" data-e-type=\"container\">\n\t\t\t\t<div class=\"elementor-element elementor-element-8cab995 elementor-widget elementor-widget-heading\" data-id=\"8cab995\" data-element_type=\"widget\" data-e-type=\"widget\" data-widget_type=\"heading.default\">\n\t\t\t\t\t<h2 class=\"elementor-heading-title elementor-size-default\">Galeria Brama<br>\nBrama Che\u0142mi\u0144ska<\/h2>\t\t\t\t<\/div>\n\t\t\t\t<div class=\"elementor-element elementor-element-6500159 elementor-widget elementor-widget-text-editor\" data-id=\"6500159\" data-element_type=\"widget\" data-e-type=\"widget\" data-widget_type=\"text-editor.default\">\n\t\t\t\t\t\t\t\t\t<p>ul. Ma\u0142y Rynek 4<br \/>Tel. 56 649 82 52<\/p>\t\t\t\t\t\t\t\t<\/div>\n\t\t\t\t<\/div>\n\t\t\t\t<\/div>\n\t\t<div class=\"elementor-element elementor-element-076411d e-con-full e-flex e-con e-parent\" data-id=\"076411d\" data-element_type=\"container\" data-e-type=\"container\" data-settings=\"{&quot;background_background&quot;:&quot;classic&quot;}\">\n\t\t<div class=\"elementor-element elementor-element-c9f0035 e-con-full e-flex e-con e-child\" data-id=\"c9f0035\" data-element_type=\"container\" data-e-type=\"container\">\n\t\t\t\t<div class=\"elementor-element elementor-element-a35e16d elementor-widget elementor-widget-heading\" data-id=\"a35e16d\" data-element_type=\"widget\" data-e-type=\"widget\" data-widget_type=\"heading.default\">\n\t\t\t\t\t<h2 class=\"elementor-heading-title elementor-size-default\">Zamek<\/h2>\t\t\t\t<\/div>\n\t\t\t\t<div class=\"elementor-element elementor-element-922ecbf elementor-widget elementor-widget-text-editor\" data-id=\"922ecbf\" data-element_type=\"widget\" data-e-type=\"widget\" data-widget_type=\"text-editor.default\">\n\t\t\t\t\t\t\t\t\t<p>ul. Zamkowa 1<br \/>Tel. 56 498 47 87<\/p>\t\t\t\t\t\t\t\t<\/div>\n\t\t\t\t<\/div>\n\t\t<div class=\"elementor-element elementor-element-8f5e797 e-con-full e-flex e-con e-child\" data-id=\"8f5e797\" data-element_type=\"container\" data-e-type=\"container\">\n\t\t\t\t<div class=\"elementor-element elementor-element-bf55614 elementor-widget elementor-widget-google_maps\" data-id=\"bf55614\" data-element_type=\"widget\" data-e-type=\"widget\" title=\"Lokalizacja obiektu Zamek\" data-widget_type=\"google_maps.default\">\n\t\t\t\t\t\t\t<div class=\"elementor-custom-embed\">\n\t\t\t<iframe loading=\"lazy\"\n\t\t\t\t\tsrc=\"https:\/\/maps.google.com\/maps?q=Zamek%20w%20Brodnicy%2C%20ul.%20Zamkowa%201%2C%20Brodnica&#038;t=m&#038;z=17&#038;output=embed&#038;iwloc=near\"\n\t\t\t\t\ttitle=\"Zamek w Brodnicy, ul. Zamkowa 1, Brodnica\"\n\t\t\t\t\taria-label=\"Zamek w Brodnicy, ul. Zamkowa 1, Brodnica\"\n\t\t\t><\/iframe>\n\t\t<\/div>\n\t\t\t\t\t\t<\/div>\n\t\t\t\t<\/div>\n\t\t\t\t<\/div>\n\t\t\t\t<\/div>\n\t\t","protected":false},"excerpt":{"rendered":"<p>Kontakt Formularz kontaktowy Mog\u0105 Pa\u0144stwo wype\u0142ni\u0107 formularz lubskorzysta\u0107 z danych wyszczeg\u00f3lnionych poni\u017cej. Muzeum Spichlerz Muzeumul. \u015aw. Jakuba 187-300 Brodnica Tel. \/Fax: 56 495 05 70e-mail: sekretariat@muzeum.brodnica.plAdres skrytki ePUAP: \/MuzeumBrodnica\/SkrytkaESPNIP: 874-130-57-31REGON: 001028667 Centrum Edukacji Ekologicznejul. \u015aw. Jakuba 1Tel. 56 495 05 70 Galeria Brama Brama Che\u0142mi\u0144ska ul. Ma\u0142y Rynek 4Tel. 56 649 82 52 Zamek ul. [&hellip;]<\/p>\n","protected":false},"author":1,"featured_media":0,"parent":0,"menu_order":0,"comment_status":"closed","ping_status":"closed","template":"elementor_header_footer","meta":{"footnotes":""},"class_list":["post-3706","page","type-page","status-publish","hentry"],"jetpack_sharing_enabled":true,"_links":{"self":[{"href":"https:\/\/www.brodnica.pl\/muzeumwbrodnicy\/wp-json\/wp\/v2\/pages\/3706","targetHints":{"allow":["GET"]}}],"collection":[{"href":"https:\/\/www.brodnica.pl\/muzeumwbrodnicy\/wp-json\/wp\/v2\/pages"}],"about":[{"href":"https:\/\/www.brodnica.pl\/muzeumwbrodnicy\/wp-json\/wp\/v2\/types\/page"}],"author":[{"embeddable":true,"href":"https:\/\/www.brodnica.pl\/muzeumwbrodnicy\/wp-json\/wp\/v2\/users\/1"}],"replies":[{"embeddable":true,"href":"https:\/\/www.brodnica.pl\/muzeumwbrodnicy\/wp-json\/wp\/v2\/comments?post=3706"}],"version-history":[{"count":18,"href":"https:\/\/www.brodnica.pl\/muzeumwbrodnicy\/wp-json\/wp\/v2\/pages\/3706\/revisions"}],"predecessor-version":[{"id":16375,"href":"https:\/\/www.brodnica.pl\/muzeumwbrodnicy\/wp-json\/wp\/v2\/pages\/3706\/revisions\/16375"}],"wp:attachment":[{"href":"https:\/\/www.brodnica.pl\/muzeumwbrodnicy\/wp-json\/wp\/v2\/media?parent=3706"}],"curies":[{"name":"wp","href":"https:\/\/api.w.org\/{rel}","templated":true}]}}